{"id":1038,"date":"2018-01-08T14:39:22","date_gmt":"2018-01-08T13:39:22","guid":{"rendered":"http:\/\/aalto.edge-themes.com\/?page_id=1038"},"modified":"2020-10-08T15:48:51","modified_gmt":"2020-10-08T13:48:51","slug":"contatti","status":"publish","type":"page","link":"https:\/\/antoniazziautonoleggio.it\/?page_id=1038","title":{"rendered":"Contatti"},"content":{"rendered":"<p>[vc_row][vc_column]<div class=\"edgtf-google-map-holder\">\n\t<div class=\"edgtf-google-map\" id=\"edgtf-map-563880\" data-addresses='[\"Via della Lira, Pieve di Soligo, 31053, Italia\",\"Viale Farra 1, Feltre, 32032, Italia\",\"Via Stadio 1, Portogruaro, 32026, Italia\"]' data-custom-map-style=no data-color-overlay=#393939 data-saturation=-100 data-lightness=-60 data-zoom=9 data-pin=https:\/\/antoniazziautonoleggio.it\/wp-content\/uploads\/2018\/02\/aa_point.png data-unique-id=563880 data-scroll-wheel=yes data-height=500px data-predefined-style=yes><\/div>\n\t<\/div>\n[\/vc_column][\/vc_row][vc_row row_content_width=&#8221;grid&#8221; css=&#8221;.vc_custom_1511425318477{padding-top: 72px !important;padding-bottom: 98px !important;}&#8221;][vc_column offset=&#8221;vc_col-lg-6 vc_col-md-12 vc_col-xs-12&#8243;]<div class=\"edgtf-elements-holder   edgtf-two-columns  edgtf-responsive-mode-768 \" ><div class=\"edgtf-eh-item    \"  data-item-class=\"edgtf-eh-custom-5276\" data-768-1024=\"28px 15% 0px 0%\" data-680-768=\"28px 15% 52px 2%\" data-680=\"28px 15% 30px 2%\">\n\t<div class=\"edgtf-eh-item-inner\">\n\t\t<div class=\"edgtf-eh-item-content edgtf-eh-custom-5276\" style=\"padding: 28px 15% 0px 6%\">\n\t\t\t<div class=\"edgtf-image-gallery  edgtf-ig-carousel-type edgtf-large-space   edgtf-nav-position-outside\">\n\t<div class=\"edgtf-ig-slider edgtf-owl-slider\" data-number-of-items=\"1\" data-enable-loop=\"yes\" data-enable-autoplay=\"yes\" data-slider-speed=\"5000\" data-slider-speed-animation=\"600\" data-slider-padding=\"no\" data-enable-navigation=\"yes\" data-enable-pagination=\"no\">\n\t\t\t\t\t<div class=\"edgtf-ig-image\">\n\t\t\t\t\t\t\t\t\t<img src=\"https:\/\/antoniazziautonoleggio.it\/wp-content\/uploads\/2020\/10\/van-scaled-350x350.jpg\" alt=\"\" width=\"350\" height=\"350\" \/>\t\t\t\t\t\t\t<\/div>\n\t\t\t\t\t<div class=\"edgtf-ig-image\">\n\t\t\t\t\t\t\t\t\t<img src=\"https:\/\/antoniazziautonoleggio.it\/wp-content\/uploads\/2017\/11\/DL84029-350x350.jpg\" alt=\"\" width=\"350\" height=\"350\" \/>\t\t\t\t\t\t\t<\/div>\n\t\t\t\t\t<div class=\"edgtf-ig-image\">\n\t\t\t\t\t\t\t\t\t<img src=\"https:\/\/antoniazziautonoleggio.it\/wp-content\/uploads\/2017\/11\/DL84087-350x350.jpg\" alt=\"\" width=\"350\" height=\"350\" \/>\t\t\t\t\t\t\t<\/div>\n\t\t\t\t\t<div class=\"edgtf-ig-image\">\n\t\t\t\t\t\t\t\t\t<img src=\"https:\/\/antoniazziautonoleggio.it\/wp-content\/uploads\/2020\/10\/DSC0124-scaled-350x350.jpg\" alt=\"\" width=\"350\" height=\"350\" \/>\t\t\t\t\t\t\t<\/div>\n\t\t\t<\/div>\n<\/div>\t\t<\/div>\n\t<\/div>\n<\/div><\/div>[\/vc_column][vc_column offset=&#8221;vc_col-lg-6 vc_col-md-12 vc_col-xs-12&#8243;]<div class=\"edgtf-elements-holder   edgtf-one-column  edgtf-responsive-mode-768 \" ><div class=\"edgtf-eh-item    \"  data-item-class=\"edgtf-eh-custom-3557\" data-1024-1280=\"65px 0 0 0\" data-680-768=\"19px 0 0 0\" data-680=\"39px 0 0 0\">\n\t<div class=\"edgtf-eh-item-inner\">\n\t\t<div class=\"edgtf-eh-item-content edgtf-eh-custom-3557\" style=\"padding: 83px 0 0 0\">\n\t\t\t[vc_column_text]<\/p>\n<h2>RIFERMENTI<\/h2>\n<p>[\/vc_column_text]\t\t<\/div>\n\t<\/div>\n<\/div><\/div><div class=\"edgtf-elements-holder   edgtf-two-columns  edgtf-responsive-mode-768 \" ><div class=\"edgtf-eh-item    \"  data-item-class=\"edgtf-eh-custom-9928\">\n\t<div class=\"edgtf-eh-item-inner\">\n\t\t<div class=\"edgtf-eh-item-content edgtf-eh-custom-9928\" style=\"padding: 0 0 0 0\">\n\t\t\t[vc_empty_space]<div class=\"edgtf-section-title-holder  edgtf-st-standard  edgtf-st-position-left edgtf-appear-fx\" style=\"padding: 0 0%\">\n\t\t<div class=\"edgtf-st-inner\">\n                    <div class=\"edgtf-st-title-holder\">\n                <h4 class=\"edgtf-st-title\" style=\"color: #202020\">\n                    TREVIGIANO                <\/h4>\n            <\/div>\n\t\t\t\t\t<\/div>\n    <\/div>[vc_empty_space]<div class=\"edgtf-icon-list-holder \" style=\"margin-bottom: 20px\">\n\t<div class=\"edgtf-il-icon-holder\">\n\t\t<i class=\"edgtf-icon-linea-icon icon-basic-headset \" style=\"color: #202020;font-size: 21px\"><\/i>\t<\/div>\n\t<p class=\"edgtf-il-text\" style=\"color: #202020;font-size: 16px;padding-left: 32px\">Contatto telefonico +39 333 6162157 ( voice, SMS, WhatsApp )<\/p>\n<\/div><div class=\"edgtf-icon-list-holder \" style=\"margin-bottom: 20px\">\n\t<div class=\"edgtf-il-icon-holder\">\n\t\t<i class=\"edgtf-icon-linea-icon icon-basic-mail-open \" style=\"color: #202020;font-size: 21px\"><\/i>\t<\/div>\n\t<p class=\"edgtf-il-text\" style=\"color: #202020;font-size: 16px;padding-left: 32px\">Indirizzo Mail: s.foltran@libero.it<\/p>\n<\/div><div class=\"edgtf-icon-list-holder \" style=\"margin-bottom: 20px\">\n\t<div class=\"edgtf-il-icon-holder\">\n\t\t<i class=\"edgtf-icon-linea-icon icon-basic-pin1 \" style=\"color: #202020;font-size: 21px\"><\/i>\t<\/div>\n\t<p class=\"edgtf-il-text\" style=\"color: #202020;font-size: 16px;padding-left: 32px\">Pieve di Soligo, Via della Lira<\/p>\n<\/div>\t\t<\/div>\n\t<\/div>\n<\/div><div class=\"edgtf-eh-item    \"  data-item-class=\"edgtf-eh-custom-9737\">\n\t<div class=\"edgtf-eh-item-inner\">\n\t\t<div class=\"edgtf-eh-item-content edgtf-eh-custom-9737\" style=\"padding: 0 0 0 0\">\n\t\t\t[vc_empty_space]<div class=\"edgtf-section-title-holder  edgtf-st-standard  edgtf-st-position-left edgtf-appear-fx\" style=\"padding: 0 0%\">\n\t\t<div class=\"edgtf-st-inner\">\n                    <div class=\"edgtf-st-title-holder\">\n                <h4 class=\"edgtf-st-title\" style=\"color: #202020\">\n                    BELLUNESE E PORTOGRUARO                <\/h4>\n            <\/div>\n\t\t\t\t\t<\/div>\n    <\/div>[vc_empty_space]<div class=\"edgtf-icon-list-holder \" style=\"margin-bottom: 20px\">\n\t<div class=\"edgtf-il-icon-holder\">\n\t\t<i class=\"edgtf-icon-linea-icon icon-basic-mail-open-text \" style=\"color: #202020;font-size: 21px\"><\/i>\t<\/div>\n\t<p class=\"edgtf-il-text\" style=\"color: #202020;font-size: 16px;padding-left: 32px\">Indirizzo Mail: s.foltran@libero.it<\/p>\n<\/div><div class=\"edgtf-icon-list-holder \" style=\"margin-bottom: 20px\">\n\t<div class=\"edgtf-il-icon-holder\">\n\t\t<i class=\"edgtf-icon-linea-icon icon-basic-pin1 \" style=\"color: #202020;font-size: 21px\"><\/i>\t<\/div>\n\t<p class=\"edgtf-il-text\" style=\"color: #202020;font-size: 16px;padding-left: 32px\">Feltre, Via Vittorio Emanuele<\/p>\n<\/div>\t\t<\/div>\n\t<\/div>\n<\/div><\/div>[\/vc_column][\/vc_row][vc_row row_content_width=&#8221;grid&#8221; css=&#8221;.vc_custom_1511425357778{padding-top: 73px !important;padding-bottom: 75px !important;}&#8221;][vc_column]<div class=\"edgtf-elements-holder   edgtf-two-columns  edgtf-responsive-mode-768 \" ><div class=\"edgtf-eh-item    \"  data-item-class=\"edgtf-eh-custom-1201\">\n\t<div class=\"edgtf-eh-item-inner\">\n\t\t<div class=\"edgtf-eh-item-content edgtf-eh-custom-1201\" style=\"padding: 3px 0 0 0\">\n\t\t\t[vc_column_text]<b>Antoniazzi Autonoleggio <\/b>offre ai propri clienti una scelta in grado di soddisfare tutte le richieste.<br \/>\n<b>Dall&#8217;auto economica a quella di classe<\/b>, elegante e raffinata, dal fuoristrada al Van 9 posti per gruppi o societ\u00e0 sportive.<br \/>\nLe vetture sono tutte in ottime condizione meccaniche, metodicamente e periodicamente controllate, la carrozzeria sempre pulita e in ottimo stato.<\/p>\n<p>I nostri servizi offrono la possibilit\u00e0 della sola auto ma soprattutto il Noleggio con Conducente, vero valore aggiunto dei nostri servi.<br \/>\nE&#8217; possibile programmare un trasporto con ogni mezzo disponibile per il vostro comodo trasporto da e verso gli aeroporti del Veneto e da e verso le localit\u00e0 pi\u00f9 rinomate quali Venezia, Cortina, Portogruaro, Padove, Feltre ed ovviamente tutte le altre localit\u00e0.<\/p>\n<p>Non esitate a contattarci sia via mail che telefonicamente.<\/p>\n<p>&nbsp;<\/p>\n<p>[\/vc_column_text]<div role=\"form\" class=\"wpcf7\" id=\"wpcf7-f237-o1\" lang=\"en-US\" dir=\"ltr\">\n<div class=\"screen-reader-response\" role=\"alert\" aria-live=\"polite\"><\/div>\n<form action=\"\/index.php?rest_route=%2Fwp%2Fv2%2Fpages%2F1038#wpcf7-f237-o1\" method=\"post\" class=\"wpcf7-form init\" novalidate=\"novalidate\">\n<div style=\"display: none;\">\n<input type=\"hidden\" name=\"_wpcf7\" value=\"237\" \/>\n<input type=\"hidden\" name=\"_wpcf7_version\" value=\"5.2.2\" \/>\n<input type=\"hidden\" name=\"_wpcf7_locale\" value=\"en_US\" \/>\n<input type=\"hidden\" name=\"_wpcf7_unit_tag\" value=\"wpcf7-f237-o1\" \/>\n<input type=\"hidden\" name=\"_wpcf7_container_post\" value=\"0\" \/>\n<input type=\"hidden\" name=\"_wpcf7_posted_data_hash\" value=\"\" \/>\n<\/div>\n<div class=\"edgt-cf7-wrapper edgtf-custom-form\">\n<div class=\"edgtf-grid-row\">\n<div class=\"edgtf-grid-col-12\"><span class=\"wpcf7-form-control-wrap your-name\"><input type=\"text\" name=\"your-name\" value=\"\" size=\"40\" class=\"wpcf7-form-control wpcf7-text wpcf7-validates-as-required\" aria-required=\"true\" aria-invalid=\"false\" placeholder=\"Nome o Azienda \/ Name*\" \/><\/span><\/div>\n<\/div>\n<div class=\"edgtf-grid-row\">\n<div class=\"edgtf-grid-col-12\"><span class=\"wpcf7-form-control-wrap your-email\"><input type=\"text\" name=\"your-email\" value=\"\" size=\"40\" class=\"wpcf7-form-control wpcf7-text wpcf7-validates-as-required\" aria-required=\"true\" aria-invalid=\"false\" placeholder=\"Indirizzo Mail \/ Email Address*\" \/><\/span><\/div>\n<\/div>\n<div class=\"edgtf-grid-row\">\n<div class=\"edgtf-grid-col-12\"><span class=\"wpcf7-form-control-wrap your-subject\"><input type=\"text\" name=\"your-subject\" value=\"\" size=\"40\" class=\"wpcf7-form-control wpcf7-text wpcf7-validates-as-required\" aria-required=\"true\" aria-invalid=\"false\" placeholder=\"Richiesta \/ Request\" \/><\/span><\/div>\n<\/div>\n<div class=\"edgtf-grid-row\">\n<div class=\"edgtf-grid-col-12\"><span class=\"wpcf7-form-control-wrap your-message\"><textarea name=\"your-message\" cols=\"40\" rows=\"6\" class=\"wpcf7-form-control wpcf7-textarea\" aria-invalid=\"false\" placeholder=\"Messaggio \/ Message\"><\/textarea><\/span><\/div>\n<\/div>\n<div class=\"edgtf-grid-col-12\"><input type=\"submit\" value=\"INVIA \/ SPEDISCI \/ SEND\" class=\"wpcf7-form-control wpcf7-submit\" \/><\/div>\n<\/div>\n<div class=\"wpcf7-response-output\" role=\"alert\" aria-hidden=\"true\"><\/div><\/form><\/div>\t\t<\/div>\n\t<\/div>\n<\/div><\/div>[\/vc_column][\/vc_row]<\/p>\n","protected":false},"excerpt":{"rendered":"<p>[vc_row][vc_column][\/vc_column][\/vc_row][vc_row row_content_width=&#8221;grid&#8221; css=&#8221;.vc_custom_1511425318477{padding-top: 72px !important;padding-bottom: 98px !important;}&#8221;][vc_column offset=&#8221;vc_col-lg-6 vc_col-md-12 vc_col-xs-12&#8243;][\/vc_column][vc_column offset=&#8221;vc_col-lg-6 vc_col-md-12 vc_col-xs-12&#8243;][\/vc_column][\/vc_row][vc_row row_content_width=&#8221;grid&#8221; css=&#8221;.vc_custom_1511425357778{padding-top: 73px !important;padding-bottom: 75px !important;}&#8221;][vc_column][\/vc_column][\/vc_row]<\/p>\n","protected":false},"author":3,"featured_media":0,"parent":0,"menu_order":0,"comment_status":"closed","ping_status":"closed","template":"full-width.php","meta":[],"_links":{"self":[{"href":"https:\/\/antoniazziautonoleggio.it\/index.php?rest_route=\/wp\/v2\/pages\/1038"}],"collection":[{"href":"https:\/\/antoniazziautonoleggio.it\/index.php?rest_route=\/wp\/v2\/pages"}],"about":[{"href":"https:\/\/antoniazziautonoleggio.it\/index.php?rest_route=\/wp\/v2\/types\/page"}],"author":[{"embeddable":true,"href":"https:\/\/antoniazziautonoleggio.it\/index.php?rest_route=\/wp\/v2\/users\/3"}],"replies":[{"embeddable":true,"href":"https:\/\/antoniazziautonoleggio.it\/index.php?rest_route=%2Fwp%2Fv2%2Fcomments&post=1038"}],"version-history":[{"count":30,"href":"https:\/\/antoniazziautonoleggio.it\/index.php?rest_route=\/wp\/v2\/pages\/1038\/revisions"}],"predecessor-version":[{"id":4517,"href":"https:\/\/antoniazziautonoleggio.it\/index.php?rest_route=\/wp\/v2\/pages\/1038\/revisions\/4517"}],"wp:attachment":[{"href":"https:\/\/antoniazziautonoleggio.it\/index.php?rest_route=%2Fwp%2Fv2%2Fmedia&parent=1038"}],"curies":[{"name":"wp","href":"https:\/\/api.w.org\/{rel}","templated":true}]}}